 + 4 = 0. Suppose -p*d + y = -5*d. Let j(v) = v**3 + 4*v**2 - 7*v - 7. Determine j(d).
3
Let s(w) be the second derivative of -w**3/6 - 4*w**2 + 9*w. Give s(-8).
0
Let p(j) = -2*j. Let s(d) = -d**2 - 4*d + 7. Let o be s(-6). Let b = o + 3. What is p(b)?
4
Let m(k) = -k**3 - 5*k**2 + 2*k - 2. Suppose 23 = -3*j + 8. Calculate m(j).
-12
Let t(w) = 2*w + 6. Let l be (-3)/(-7) - (-1)/(21/(-114)). Give t(l).
-4
Let k(p) = -6*p + 1. Suppose -2*h = -3*y - 2, -5*y - 1 - 1 = -2*h. Suppose g + 2*g - 12 = y. Let q(z) = z - 3. Let a be q(g). Calculate k(a).
-5
Let a(b) = b**3 + b**2 - 5*b - 4. Suppose 2*i = -3*i. Suppose 0 = r - i - 3. Suppose -r*w - 17 = v + v, -w + 4*v = -13. Determine a(w).
-7
Let k(l) = -l**3 + 10*l**2 + 7*l. Let v be k(11). Let x be v/(-6) - (-4)/(-3). Let c(g) = 3*g - 9. What is c(x)?
9
Let z be 14/4 + (-5)/10. Suppose z*w = 2*w - 5. Let r(v) be the second derivative of -v**4/12 - 7*v**3/6 - 2*v**2 + v. What is r(w)?
6
Let z = 3 + -2. Let h(g) = -2*g**2 + 2*g**3 + 0*g**2 - g**3 - 3*g - z. Suppose -4*a = 8, -5*i - 4*a = -7*a - 21. What is h(i)?
-1
Let l(z) = 0 - 1 + z - 1. Calculate l(-6).
-8
Let l(s) = 0*s**2 + s**2 + 0*s**2 - 2*s. Suppose -p + 5*r - 18 = 0, 7 - 1 = -5*p - 3*r. Calculate l(p).
15
Let l(v) = 3*v**3 - 4*v**2 + 4*v - 7. Let g(r) = -2*r**3 + 2*r**2 - 2*r + 4. Let i(q) = 5*g(q) + 3*l(q). Determine i(1).
-2
Let w(j) be the third derivative of 1/120*j**6 - 1/24*j**4 + 0 + 0*j + 2*j**2 - 1/60*j**5 - j**3. Let q = -1 + 1. What is w(q)?
-6
Let a(j) be the first derivative of -j**2/2 - 7*j + 2. Determine a(-6).
-1
Let s(q) be the first derivative of 2*q**2 + q - 6. Determine s(-3).
-11
Suppose 0 = -4*x + 7*x - 3. Let c(t) = -t + 1. Let k(h) = 5*h - 11. Let z(r) = -4*c(r) - k(r). Let y(o) = o - 1. Let i(v) = x*z(v) + 6*y(v). Calculate i(-1).
-4
Let p(y) = y + 6. Let i(q) be the first derivative of -q**2 - 5*q + 1. Let v(s) = -2*i(s) - 3*p(s). Let a(d) = d - 9. Let z(o) = 5*a(o) - 6*v(o). Give z(0).
3
Let m(k) be the first derivative of -2*k + 0*k**2 - 1/3*k**3 + 2. Give m(-3).
-11
Let n(s) = s**2 - 6*s - 2. Let d = 20 + -13. Determine n(d).
5
Let y(z) be the third derivative of -1/360*z**6 + 0 + 1/24*z**4 + 0*z**3 + z**2 + 0*z - 1/120*z**5. Let v(r) be the second derivative of y(r). Give v(-4).
7
Let c(l) = -10*l. Suppose -2 = 21*j - 23*j. Determine c(j).
-10
Suppose c = 3*k + 14, 3*c + 2*k + 2 + 0 = 0. Let q(z) = z - 4*z**2 - z**3 - z**c + 0*z**2 - 2. Give q(-5).
-7
Suppose 3*i = -2*k - 4, -4*k + 2*i = 12 + 12. Let h(u) = 2*u + 3. Give h(k).
-7
Let r = -1 - -1. Suppose 0 = 4*o - r - 4. Let d(v) = -4*v**3 - 1. Determine d(o).
-5
Let d(j) = j**2 - 9*j + 5. Let p(l) = l**2 - 10*l + 6. Let f(m) = 7*d(m) - 6*p(m). Suppose i = 2*i + 4, 3*s + 5*i - 19 = 0. Let b = s - 10. Determine f(b).
-1
Let q(d) be the third derivative of d**7/2520 + d**6/240 - d**5/30 + d**2. Let l(u) be the third derivative of q(u). Calculate l(-2).
-1
Let z be 2*3*5/10. Let r(n) = -n**3 + 4*n**2 - 3. Calculate r(z).
6
Let z(b) = -b**2 - 12*b + 11. Let j be ((-91)/14)/(1/2). What is z(j)?
-2
Let a = -5 - -8. Suppose 3*t = -2*i, 6*t - a*t + 18 = i. Let x(m) = m. Give x(i).
6
Let t be (-26)/(-3) - (-9)/27. Let a(g) = 2 - 1 - t*g + 7*g. Give a(4).
-7
Let g(w) = w**3 + 3*w**2 - w - 4. Let r(o) = -o**3 - 9*o**2 - 9*o + 4. Let y be r(-8). Suppose b + y = -3*b. Determine g(b).
-1
Let t(o) = -o**3 - 3*o**2 + 2*o. Let n be t(-3). Let v(p) = -7*p**2 - 9*p. Let x(f) = -5*f**2 - 8*f + 1. Let l(y) = 2*v(y) - 3*x(y). What is l(n)?
-3
Let k(b) be the third derivative of b**6/120 - b**5/10 - b**4/24 + b**3 + 5*b**2. Determine k(6).
0
Let w = 13 - 12. Let c(j) = -j + 1. Let h(k) = k**3 + 7*k**2 + 11*k - 9. Let m(q) = w*h(q) + 6*c(q). Determine m(-6).
3
Let c(q) = -q + 1. Let k(z) = 10. Let i(j) = 3*c(j) - k(j). Suppose -4 + 5 = s. Suppose u + s + 4 = 0. What is i(u)?
8
Let f = 6 + -3. Suppose 2*x = f*x + 14. Let r be 35/x*(1 + -3). Let h(i) = -i**3 + 5*i**2 - i + 3. Determine h(r).
-2
Let t(k) = 2*k + 3. Let c be (3/4*2)/((-12)/16). Let v be 0/1*(-3)/(-6). Let w = v + c. Give t(w).
-1
Let a = -10 + 5. Let t(l) be the first derivative of 3*l**2/2 + 2*l - 58. Calculate t(a).
-13
Let b(n) be the first derivative of 3/2*n**2 - 1/4*n**4 + 3*n - 10 + 0*n**3. What is b(3)?
-15
Let s(h) = -h - h - 3 + h**2 + 4*h. Let p(y) = -y - 14. Let r be (-9 - -8) + (-8 - 1). Let k be p(r). Calculate s(k).
5
Let u(k) be the first derivative of -k**4/24 - k**3/6 - 3*k**2/2 - 4. Let b(r) be the second derivative of u(r). What is b(2)?
-3
Let b = -6 - -7. Let o(j) = -4 + 5 + 0 + 8*j. Determine o(b).
9
Let h = 2 - 1. Let i(j) = 2*j**3 - j**2 + j - 1. What is i(h)?
1
Let r(g) be the second derivative of g**5/60 + g**4/3 - g**3/3 - 4*g. Let p(v) be the second derivative of r(v). What is p(-6)?
-4
Let p(v) be the third derivative of -v**4/6 - 17*v**3/6 - v**2. Let j(s) = -6*s - 26. Let h = -7 - -12. Let z(t) = h*j(t) - 8*p(t). Give z(-4).
-2
Let w(h) be the first derivative of 7*h**3/3 + h**2 + h - 14. Give w(-1).
6
Suppose 2*f - 8 + 2 = 0. Let p(x) = 4*x**2 + f - 2 + 6*x**2 + x**3 - 4*x**2. Give p(-6).
1
Let k(m) = -4*m**2 - 3*m + 6. Let i(h) = 3*h**2 + 4*h - 6. Let d(q) = 5*i(q) + 4*k(q). Calculate d(7).
1
Suppose -1 = 2*s - 0*t + t, 23 = -4*s + 5*t. Let j(z) = -3*z - 2. Give j(s).
4
Let g(z) = -5*z**2 + z + 2. Let c(n) = n**3 - 2*n**2 + n - 2. Let m be c(0). Calculate g(m).
-20
Let y(i) = i**2 + 6*i + 8. Let p(j) = j - 3. Let c be p(-3). Give y(c).
8
Let o(p) = p**2 - 6*p - 3. Let r be o(7). Let n(u) = -3*u + 2. Calculate n(r).
-10
Let j(h) = -16*h - 6 + 11*h + h**2 + 8*h. Suppose -2*s + 18 = -0*s. Suppose 20 = -s*x + 5*x. Give j(x).
4
Let m(p) = -p**2 + 2*p + 1. Let c be 4/(-6) + 28/6. Suppose -3*v + 3 = 0, -4*j + 16 = j - c*v. Give m(j).
-7
Let d(z) = -3*z**3 - 2*z - 2*z**3 + 6*z**3 - 4*z**2 + 6. Let f be ((-3 - -4) + 3)*1. What is d(f)?
-2
Let o(a) = 4*a + 2. Let j(w) = w**2 + 3*w + 1. Let f(r) = 3*j(r) - 2*o(r). Let p(h) = -h**2 - 4*h + 3. Let c = 8 + -13. Let x be p(c). Determine f(x).
9
Let y(t) = t**3 - 5*t**2 + 2*t - 4. Let m be ((165/6)/11)/(2/4). What is y(m)?
6
Let c(u) = -3 + 13*u - 4*u**2 - 13*u + 3*u**2 + 11*u. What is c(9)?
15
Let s be 4 + (-4)/4 + 1. Let k(q) = q - 8. Give k(s).
-4
Let d(p) = p**3 + 2*p**2 + 3. Let z be 2 + 2 + -7 + 0. Determine d(z).
-6
Suppose -3*x - 2*x = -145. Let w(c) = -3*c**2 - 35 - 7*c + 2*c**2 + x. What is w(-4)?
6
Suppose c + 7 = n, -5*c - 26 - 3 = -3*n. Let p(i) = -3*i. Let u(j) = j. Let k(l) = c*u(l) - p(l). Calculate k(5).
-5
Let m(u) = -3*u**2 - 4*u + 5. Let z(v) = 2*v**2 - 3*v**2 - 2 + 2*v**2 + 2*v. Let b(x) = -2*m(x) - 5*z(x). Determine b(3).
3
Let v = -47 + 51. Let t(a) = -a**2 + 3*a. Determine t(v).
-4
Let t(k) = -7*k**2 - 4*k + 1. Let f(z) = -15*z**2 - 9*z + 2. Let c(q) = -2*q - 8. Let u be c(-7). Let o(b) = u*f(b) - 13*t(b). Give o(-2).
7
Let z(q) = -q**3 - 7*q**2 - 4*q + 8. Let u(k) = k**3 + 7*k**2 + 6*k - 6. Suppose -2*j - 9 = 3. Let w be u(j). Calculate z(w).
-4
Let c(r) = 3*r - 420*r**2 + 421*r**2 - 7*r - 4. Let q(g) = -4*g - 1. Let a be q(-1). Let p = a - -2. What is c(p)?
1
Let y(x) = 3*x**3 - 8*x. Let s(u) = 4*u**3 - u**2 - 9*u - 1. Let l(k) = 4*s(k) - 5*y(k). Suppose 5*n - q - 10 = 0, n + 0*q = -3*q + 18. Give l(n).
-1
Let o be (-32)/24*(-18)/(-4). Let t = -9 - -4. Let r = o - t. Let b(a) = -4*a**2 + a + 1. Give b(r).
-4
Let f(m) = -25*m**3 + 7*m**2 + 7*m + 11. Let b(t) = 12*t**3 - 3*t**2 - 3*t - 5. Let v(d) = -9*b(d) - 4*f(d). Determine v(1).
-9
Let z(c) = 3*c**3 + 5*c**2 + 10*c + 14. Let m(k) = -5*k**3 - 11*k**2 - 20*k - 27. Let o(x) = 4*m(x) + 7*z(x). What is o(10)?
-10
Let s be 2 - -2*(3 + -5). Let b(v) = 2*v - 4. Let h(m) = 6*m**3 - m. Let q be h(1). Let p(d) = -d + 2. Let x(k) = q*p(k) + 3*b(k). What is x(s)?
-4
Let z(f) = 1 + 6*f**3 + 2*f**3 - 3*f**2 - 7*f**3. Let t(q) = -3*q - 3. Let u be t(-2). Calculate z(u).
1
Let z(s) = 3*s**3 - 5*s**2 - 15*s. Let r be -3 + (0 - -1) - 3. Let x(o) = -2*o**3 + 3*o**2 + 10*o. Let t(h) = r*z(h) - 7*x(h). Calculate t(5).
0
Let f be (-72)/(-21) + (-3)/7. Let d(z) be the third derivative of z**6/120 - z**5/20 - z**4/8 + z**3/2 + z**2. Give d(f).
-6
Suppose 2*u - 3 = -s, -4*s = 4*u + 1 - 5. Let n(a) = -4*a**2 - 1 - a**2 + 0 + 4*a**3 - 2*a + 3*a**2. Give n(s).
-5
Let t(q) = q - 4. Suppose 4*y = 3*y + 5